es 740 divide 420600460?
True
Is 32086112 a multiple of 385?
False
Does 30 divide 41468970?
True
Is 18718684 a multiple of 269?
False
Is 80 a factor of 11848844?
False
Is 1590 a factor of 3468092100?
True
Is 1808114 a multiple of 7?
True
Is 7 a factor of 605964?
False
Is 60815860 a multiple of 2?
True
Is 20031528 a multiple of 66?
True
Is 16 a factor of 60411900?
False
Is 3360 a factor of 1168960800?
True
Is 188307560 a multiple of 632?
True
Is 13 a factor of 111384209?
False
Does 19 divide 55924695?
True
Does 11 divide 160430948?
False
Is 361 a factor of 187299074?
True
Is 47524629 a multiple of 10?
False
Is 808 a factor of 15412492?
False
Is 56947555 a multiple of 35?
True
Is 1160149399 a multiple of 140?
False
Is 208644024 a multiple of 12?
True
Does 31 divide 344470060?
False
Is 377474711 a multiple of 16?
False
Is 2473722859 a multiple of 29?
False
Is 20 a factor of 83830500?
True
Does 92 divide 137375704?
False
Is 194 a factor of 24107981?
False
Does 96 divide 1259085761?
False
Does 25 divide 133484037?
False
Is 34 a factor of 159994403?
False
Is 1968 a factor of 115647377?
False
Does 184 divide 70657288?
True
Is 571422040 a multiple of 56?
True
Is 7651 a factor of 140113413?
False
Is 189535938 a multiple of 160?
False
Is 1366 a factor of 2078626454?
False
Is 921 a factor of 81276546?
False
Does 12 divide 212719161?
False
Is 59 a factor of 221607589?
False
Does 28 divide 32797960?
False
Is 2988739 a multiple of 8?
False
Is 472 a factor of 3419640?
True
Is 606 a factor of 421632984?
True
Is 98 a factor of 3602964?
False
Does 19 divide 53110501?
False
Does 468 divide 33741371?
False
Is 13 a factor of 222380305?
False
Is 8 a factor of 10480616?
True
Is 345244 a multiple of 291?
False
Does 2889 divide 2293392204?
True
Does 2666 divide 9049331?
False
Is 307910307 a multiple of 439?
False
Is 27639107 even?
False
Does 49 divide 28948514?
True
Does 3 divide 4488839?
False
Does 17 divide 58683048?
True
Is 128964344 a multiple of 782?
False
Does 2868 divide 2310079403?
False
Is 30 a factor of 233848023?
False
Is 128 a factor of 852136737?
False
Is 77 a factor of 39646808?
False
Does 9 divide 246545173?
False
Is 1389321612 a multiple of 189?
True
Is 680374113 a multiple of 7?
False
Is 4107325040 a multiple of 501?
False
Does 974 divide 706218180?
True
Does 570 divide 855043890?
True
Does 9 divide 225902886?
False
Is 6937947 a multiple of 26?
False
Does 16 divide 1891989?
False
Is 509 a factor of 245098654?
False
Is 257 a factor of 19257017?
False
Does 22 divide 694470006?
False
Is 8477794 a multiple of 216?
False
Is 10 a factor of 72639800?
True
Is 4784552944 a multiple of 16?
True
Does 1994 divide 738499834?
True
Does 271 divide 356491472?
False
Is 339643120 a multiple of 395?
True
Does 1822 divide 117890688?
True
Is 1232686406 a multiple of 747?
False
Is 1237 a factor of 1192539?
False
Is 45193455 a multiple of 435?
True
Is 56 a factor of 323120840?
True
Is 223 a factor of 49437985?
True
Is 4823558 a multiple of 8?
False
Does 107 divide 126919380?
False
Does 18 divide 8396076?
False
Does 92 divide 72238584?
True
Is 1398 a factor of 8485860?
True
Is 336 a factor of 367432128?
True
Is 236457585 a multiple of 3285?
True
Does 1919 divide 2153118?
True
Is 1584 a factor of 794602512?
True
Is 1106 a factor of 30147049?
False
Is 472263597 a multiple of 1143?
True
Does 687 divide 6567619?
False
Is 409 a factor of 34398127?
True
Does 368 divide 151944484?
False
Is 790 a factor of 75373900?
True
Is 1927253880 a multiple of 472?
True
Does 6 divide 10743870?
True
Is 142 a factor of 40685367?
False
Is 503083410 a multiple of 3?
True
Is 1394574013 a multiple of 22?
False
Does 8 divide 341006040?
True
Does 318 divide 14218636?
False
Is 2091 a factor of 96602109?
True
Is 104 a factor of 76168410?
False
Does 263 divide 288635444?
False
Is 82 a factor of 1384660692?
True
Does 1211 divide 18392916?
False
Does 10 divide 8133490?
True
Is 66 a factor of 6567132?
True
Does 9 divide 40024728?
True
Is 190 a factor of 911407?
False
Does 1258 divide 146406040?
True
Is 10 a factor of 1216470?
True
Is 254319808 a multiple of 27?
False
Is 1528 a factor of 7753448?
False
Is 52558066 a multiple of 17?
False
Does 13 divide 294817218?
False
Is 833 a factor of 695774912?
True
Is 343026824 a multiple of 450?
False
Does 251 divide 1260206887?
False
Is 59 a factor of 60557077?
False
Does 2 divide 119569675?
False
Does 12 divide 67812408?
True
Is 66542506 a multiple of 298?
True
Is 7 a factor of 96682418?
True
Is 22 a factor of 6151847306?
True
Is 194681600 a multiple of 7600?
True
Is 2738929 a multiple of 14?
False
Is 964 a factor of 699028212?
True
Does 382 divide 154592344?
True
Is 103445784 a multiple of 117?
True
Is 1376 a factor of 6230745?
False
Is 1063403634 a multiple of 284?
False
Is 11925 a multiple of 1325?
True
Is 522 a factor of 7101959?
False
Is 71 a factor of 1962210599?
True
Is 684 a factor of 7204493397?
False
Does 39 divide 25006371?
True
Is 51 a factor of 127131933?
True
Is 1051171390 a multiple of 4358?
True
Is 13348640 a multiple of 80?
True
Does 93 divide 78121116?
True
Is 35355040 a multiple of 80?
True
Is 54234097 a multiple of 448?
False
Does 132 divide 572372196?
True
Does 17 divide 35338287?
False
Is 36 a factor of 1760256?
True
Is 152 a factor of 29812520?
True
Does 2042 divide 96644575?
False
Is 7 a factor of 1568853?
False
Does 49 divide 13392640?
False
Is 5321 a factor of 73848556?
False
Is 150940284 a multiple of 4?
True
Does 11 divide 1304296323?
True
Is 368 a factor of 25924816?
False
Does 23 divide 925030997?
True
Is 3392252379 a multiple of 109?
False
Does 12 divide 13878876?
True
Is 431266136 a multiple of 3752?
True
Does 5 divide 314716080?
True
Does 476 divide 107131892?
True
Is 838753 a multiple of 17?
False
Does 11 divide 36882775?
False
Does 377 divide 27950430?
False
Is 60221976 a multiple of 19?
False
Does 7462 divide 4117270430?
True
Is 203 a factor of 1198126096?
False
Is 2640418815 a multiple of 139?
False
Is 617852801 a multiple of 17?
False
Is 4748 a factor of 972960160?
True
Is 458 a factor of 1166700956?
True
Is 793575390 a multiple of 5500?
False
Is 1450976057 a multiple of 4571?
False
Is 3 a factor of 1067596848?
True
Does 261 divide 2773005049?
False
Is 16 a factor of 214237264?
True
Is 45 a factor of 38833213?
False
Is 1604543139 a multiple of 891?
False
Is 105 a factor of 200844824?
False
Is 2 a factor of 11361297?
False
Does 84 divide 55283662?
False
Does 10 divide 359741810?
True
Is 290902896 a multiple of 46?
True
Is 77524359 a multiple of 2607?
True
Does 7 divide 22000433?
True
Is 222 a factor of 173822004?
True
Does 84 divide 7457306?
False
Is 144914678 a multiple of 42?
False
Is 1846495535 a multiple of 738?
False
Does 6 divide 34870744?
False
Does 32 divide 27127552?
True
Is 16 a factor of 273660688?
True
Does 7 divide 276455547?
False
Does 29 divide 327662925?
False
Is 311412149 a multiple of 43?
True
Is 97 a factor of 58488284?
True
Is 1129249573 a multiple of 6219?
False
Is 366822661 a multiple of 279?
False
Is 13198118 a multiple of 125?
False
Does 6 divide 62922881?
False
Does 270 divide 11160025?
False
Is 24174949 a multiple of 425?
False
Does 47 divide 65189417?
False
Does 24 divide 122178335?
False
Is 35363129 a multiple of 1534?
False
Is 6443251 a multiple of 368?
False
Is 6853 a factor of 1566808243?
True
Does 12 divide 26690052?
True
Is 1946459403 a multiple of 31?
True
Is 3797650 a multiple of 22?
False
Is 20479384 a multiple of 23?
True
Is 76903483 a multiple of 12?
False
Is 32 a factor of 16137856?
True
Is 1705 a factor of 34614142?
False
Does 1222 divide 1691070810?
True
Is 28887761 a multiple of 7?
True
Is 106659450 a multiple of 369?
True
Is 25002354 a multiple of 608?
False
Is 59110671 a multiple of 297?
False
Is 34377678 a multiple of 255?
False
Does 2640 divide 230716495?
False
Is 47967863 a multiple of 10?
False
Does 1677 divide 1009844121?
True
Is 190 a factor of 10334670?
True
Is 12 a factor of 1756224?
True
Is 12488109 a multiple of 426?
False
Does 4223 divide 846555249?
True
Does 1890 divide 3782079000?
True
Is 148914475 a multiple of 1445?
True
Is 40 a factor of 30044280?
True
Is 12388083 a multiple of 468?
False
Is 148897755 a multiple of 3295?
True
Is 147072845 a multiple of 5?
True
Does 31